nd 7.
7
Suppose -5*n - 1156 = -5*u + 2904, 0 = 3*u - 5*n - 2420. What is the highest common factor of 574 and u?
82
Let k(p) = -22*p + 1408. Let y be k(20). Calculate the greatest common factor of 792 and y.
88
Let a = 405 - 195. Let z = -75 + a. Let s be z/10 + 1/2. What is the highest common divisor of 21 and s?
7
Suppose 2*z + 5*f - 71 = 0, 3*z + 2*f = 6*f + 164. Let o be (-101 - -11)*(-8)/10. Calculate the greatest common factor of o and z.
24
Let u be 4980/(-50) - (-4)/(-10). Let r = -60 - u. Calculate the greatest common factor of r and 60.
20
Suppose -22 = -k - 4*t, 4*k + 2*t - 14 = 4. Let s(m) = 4*m**2 + 10*m - 24. Let d be s(k). Calculate the greatest common factor of d and 32.
4
Suppose 555 - 565 = 5*y, 0 = x + y - 73. Let q = -7 - -32. What is the highest common factor of x and q?
25
Suppose 29*z - 11062 = -3145. What is the highest common factor of z and 84?
21
Suppose 3*z - 238 = 410. Suppose 111*v - 115*v - 428 = 0. Let q = v - -131. What is the highest common divisor of z and q?
24
Suppose 38*i - 42*i + 120 = 0. Let m = -28 + i. What is the highest common factor of m and 106?
2
Suppose -2*g + 68 = -4*g. Let v = g + 29. Let o be (v - -2)*-1 - -9*1. Calculate the highest common divisor of 108 and o.
12
Suppose 4*n - 5*n + 3 = 0. Suppose 3*j - p - 130 = -0*p, n*j + 2*p = 127. What is the greatest common factor of 387 and j?
43
Let m be 2 - ((-21)/14)/((-3)/(-52)). Let k(b) = 27 - m - 10*b - 12 + 2*b**2. Let s be k(15). What is the highest common divisor of s and 41?
41
Let w = -4917 + 5217. What is the greatest common divisor of 1785 and w?
15
Let r = -8596 - -9688. Let p = -114 + 198. What is the greatest common divisor of p and r?
84
Let c(x) = 55*x + 735. Let p be c(13). What is the greatest common factor of 116 and p?
58
Suppose -5*s - 4*m + 142 = 0, -569*s - 2*m = -574*s + 184. Calculate the highest common divisor of 14093 and s.
17
Suppose -1472 = -15*w + 1888. Calculate the highest common divisor of w and 476.
28
Suppose 10 = -2*k, 4*k - 1 = -x - 6. Let d(f) = -2*f**3 + 32*f**2 - 29*f - 2. Let p be d(x). Let n = 220 + -129. What is the greatest common factor of p and n?
13
Suppose 10*i - 102 - 26 = -22*i. Let f(z) = -z**3 + 12*z**2 + 7*z + 8. Let q be f(12). What is the highest common divisor of q and i?
4
Let t be 272063/20 + (-42)/280. What is the highest common factor of 223 and t?
223
Suppose 10 = -g + 11. Let b be 3*g/(-18) + 1150/(-12). Let q = b - -104. What is the greatest common divisor of 12 and q?
4
Let s = 15 + -7. Suppose s*z = -13*z + 7371. What is the highest common divisor of 39 and z?
39
Suppose -154*x + 152*x + 5*i + 28 = 0, 36 = -x - 10*i. Calculate the greatest common divisor of x and 18.
2
Suppose 9 = -2*o + 1. Let f be (o/(-18) - 250/(-9))/1. Let g = f + -16. What is the highest common divisor of g and 60?
12
Suppose -5*h + 195 = 5*x, 5*h - 221 + 68 = -4*x. Calculate the highest common divisor of 812 and x.
14
Let z = -596 - -633. What is the greatest common divisor of z and 2?
1
Let i be 22*18 - (52 + -41). What is the greatest common divisor of 35 and i?
35
Let u = 54 - 63. Let f be (60/u)/(20/30). Let j(d) = -2*d + 30. Let w be j(f). Calculate the highest common divisor of w and 10.
10
Let f(y) = 30*y - 141. Let w be f(5). Suppose -w*u - 288 = -12*u. What is the greatest common divisor of u and 12?
12
Suppose -5*g + 60 = -g. Let d = 271 - 140. Let s = d + -116. What is the greatest common factor of g and s?
15
Let u = -3160 + 3173. Let v = -6 - -10. Let z be v*4 - 9/3. Calculate the highest common divisor of u and z.
13
Let b = 554 + -548. Let g(a) = -5*a**2 + 35*a - 15. Let l be g(b). Calculate the highest common factor of 9 and l.
3
Let y be -298*((-10)/6 + 2)*(-867 - -864). Calculate the greatest common divisor of y and 7003.
149
Let u(i) = -2*i**3 + 18*i**2 + 4*i + 4. Let r be u(9). Suppose g + d = r, -g - d - 100 = -4*g. What is the greatest common factor of g and 1?
1
Suppose 5*o - 2211 - 159 = -5*z, 0 = -3*z + 2*o + 1432. Calculate the highest common divisor of z and 14.
14
Let y be (28/(-3))/(2/(-27)). Let d(m) = m**3 - 21*m**2 + 41*m - 43. Let q be d(19). What is the greatest common divisor of y and q?
14
Let u = -12188 - -12276. Calculate the highest common factor of 11528 and u.
88
Let h be 10 - (108/12 - 410). Calculate the greatest common factor of h and 33.
3
Let f = -14946 + 15010. Let l(j) = 49*j - 4. Let u be l(4). Calculate the greatest common factor of u and f.
64
Let f(x) = 5*x + 477. Let u be f(0). Let p = 629 - u. Calculate the highest common divisor of p and 24.
8
Let k = 5173 + -5125. Calculate the highest common divisor of k and 11472.
48
Suppose 0 = -4*k - 112*k - 40*k + 57408. Let q = 106 + -60. Calculate the highest common divisor of k and q.
46
Let p = 12233 - 11323. What is the greatest common factor of p and 1680?
70
Suppose 0*k - k + 56 = 0. Let w = k - -581. Calculate the highest common divisor of 13 and w.
13
Suppose -2*d - 10 + 370 = -g, -5*g = -2*d + 360. What is the greatest common divisor of d and 675?
45
Let v be -3 + 0 + -6 + (-32)/(-8). Let b be (-3 - -8) + v + 3. What is the greatest common factor of b and 10?
1
Let j = 12887 + -12840. What is the greatest common factor of 6345 and j?
47
Let i = -26247 - -26308. Calculate the highest common divisor of 81 and i.
1
Suppose 10243*q = 10251*q - 2624. What is the greatest common divisor of q and 12?
4
Let y be ((-1008)/15)/(-6) - (-2)/(-10). Suppose 26 = 4*o + 5*g - 22, -3*o - 2*g = -43. Suppose -t + y = -o. Calculate the greatest common factor of 42 and t.
14
Let m(l) = 13*l**2 + 3*l**3 - 8 + 13*l + 0*l - 4*l + 0*l**3 - 2*l**3. Let x be m(-11). What is the highest common factor of 36 and x?
9
Suppose -20*b - 1530 + 11610 = 0. Let a = 140 + -128. What is the highest common divisor of b and a?
12
Let l be (-2788)/(-17) - 7 - 13. What is the greatest common factor of l and 3888?
144
Suppose 0 = -121*q - 80*q + 1736439. What is the highest common factor of 53 and q?
53
Suppose -3*g + 7*g - 3*q = -50, -4*g - 38 = 3*q. Let f(v) = v + 21 + 28 - 14 + 0. Let w be f(g). What is the greatest common factor of 264 and w?
24
Suppose 0 = -5*y + 4*z + 2188, y - 6*y = 5*z - 2170. Let r = y + -300. Calculate the greatest common divisor of r and 8.
8
Let r = -702 + 1183. Let i(k) = -11*k**3 + 78*k**2 + 5*k - 71. Let c be i(7). Calculate the greatest common divisor of c and r.
13
Let q = -107 + 108. Let x be (q - 0 - -1)*(17 + 1). Calculate the highest common divisor of x and 342.
18
Suppose 2*d + 2*b - 320 = -6, 0 = 5*d - 4*b - 740. Calculate the greatest common factor of 72 and d.
8
Let s(z) = z**3 + 13*z**2 + 4*z - 2. Let j be (-1)/(3*(-1)/357). Suppose 26*v = 9*v - j. Let n be s(v). What is the greatest common factor of 24 and n?
24
Suppose -238 = 10*f - 6328. What is the greatest common factor of f and 7?
7
Let v = 162 - 264. Let s = 110 + v. What is the highest common factor of s and 1?
1
Suppose -2*n - 8*i = -10*i - 62, -6*i = -5*n + 160. What is the highest common factor of n and 158?
2
Let h be 3/(-9) + 238/(-6). Let d = 40 + h. Let n = 32 + d. What is the greatest common divisor of 80 and n?
16
Let j(i) = 25*i + 537. Let v be j(-17). Calculate the greatest common factor of v and 1372.
28
Suppose -4*g - 570 = -4*i - 98, -2*g - 5*i - 236 = 0. Let f = 120 + g. Let t be 27 + 0 - (2 + f). What is the highest common divisor of t and 92?
23
Let m(c) = 24*c + 2. Let a be m(1). Let r(w) = -29*w + 1. Let l be r(2). Let v be (l/95 - a/(-10)) + 5. What is the greatest common divisor of 119 and v?
7
Let s(y) = 2*y - 7. Let f be s(5). Suppose 0 = z - f*z + 26. Let p(a) = 10*a - 181. Let m be p(22). Calculate the greatest common factor of z and m.
13
Let p(u) = 19*u**2 - 196*u - 204. Let j be p(-43). What is the greatest common factor of j and 299?
299
Let x = 379 - 375. Suppose d = l - 4*d - 660, -x*l = 3*d - 2571. Calculate the greatest common factor of l and 15.
15
Suppose 3*d + 9 = 0, 6*d = 2*s + 4*d + 204. Let l = 118 + s. Suppose -4*h = -n - 414, -143 = -h + 4*n - 47. Calculate the highest common factor of l and h.
13
Let y(x) = 2849*x**2 - 37*x + 4. Let k be y(1). What is the greatest common factor of k and 6?
2
Let v = 48 - 24. Let z be (8 - 68)*6/(-9). Let q be (2 - 0)*-2 + z. Calculate the highest common factor of q and v.